- -20?
-211411
In base 5, what is -10012 + 1232?
-3230
In base 12, what is -5873 - -40?
-5833
In base 15, what is 9 - -40a6?
40b0
In base 6, what is -2 + 34500055?
34500053
In base 7, what is -165413 + 5?
-165405
In base 11, what is -2724 + 5?
-271a
In base 15, what is -98 - 1?
-99
In base 12, what is -a98 - -23a?
-85a
In base 15, what is 0 - 106b6d?
-106b6d
In base 3, what is -2 - 1011222212?
-1011222221
In base 7, what is 2 + -222025?
-222023
In base 11, what is -96865 + 9?
-96857
In base 9, what is 3134 - 160?
2864
In base 6, what is 4 + 205530?
205534
In base 9, what is -73 + 200?
116
In base 12, what is -2288 + 249?
-203b
In base 6, what is -5 - 10400321?
-10400330
In base 8, what is -467 + 5?
-462
In base 16, what is 2e + 15e?
18c
In base 15, what is 4 - 1e8c?
-1e88
In base 4, what is -320 + -20021?
-21001
In base 11, what is -5 - -4491?
4487
In base 12, what is 211b34 - -3?
211b37
In base 3, what is -20 - 2222012000?
-2222012020
In base 6, what is 14 - 3313533?
-3313515
In base 5, what is 4024 + -23334?
-14310
In base 7, what is -50 + 3220?
3140
In base 14, what is 3cca1 - -4?
3cca5
In base 7, what is -21161360 - 2?
-21161362
In base 2, what is 111110110 + 101101011?
1101100001
In base 10, what is -457 + 124?
-333
In base 7, what is -1 - -1423602?
1423601
In base 16, what is 5 + 1c977c?
1c9781
In base 4, what is -1002010300 + 1?
-1002010233
In base 10, what is 6581 + -8?
6573
In base 16, what is 110 + 61f?
72f
In base 16, what is -4c9df - 1?
-4c9e0
In base 14, what is 6 + 3c1d?
3c25
In base 6, what is 13 + 2511?
2524
In base 14, what is 213a0a + -5?
213a05
In base 13, what is -25 - 780?
-7a5
In base 11, what is -23312 - 27?
-23339
In base 5, what is -10 + 4340021?
4340011
In base 14, what is 12 - -b04?
b16
In base 16, what is 6 - -1b64f?
1b655
In base 5, what is 4 - 424312101?
-424312042
In base 6, what is -3132550 - -2?
-3132544
In base 4, what is -21301 - 3201?
-31102
In base 9, what is 4163 - -6?
4170
In base 7, what is -445 - -10043?
6265
In base 15, what is -3 - -96e?
96b
In base 3, what is 0 - 10212112000?
-10212112000
In base 11, what is -809a58 - 3?
-809a60
In base 16, what is -2f70 - 4?
-2f74
In base 3, what is -112110011 + 2022?
-112100212
In base 11, what is -18 + -13?
-30
In base 3, what is -1010 + -2111211?
-2112221
In base 3, what is 1022 + -2000221?
-1222122
In base 6, what is 314 - 102?
212
In base 8, what is -2 + 106642?
106640
In base 3, what is -111021122210 + -21?
-111021200001
In base 15, what is -47b7ee - 5?
-47b804
In base 14, what is -4 - -1b758b?
1b7587
In base 15, what is ad3 - -b2?
b95
In base 7, what is 5 + 2460435?
2460443
In base 6, what is -4 - -1313314?
1313310
In base 6, what is 0 - -3414312?
3414312
In base 15, what is 9b9b - 1d?
9b7d
In base 13, what is -2 + 94c3?
94c1
In base 10, what is 6061 + 159?
6220
In base 8, what is 2541312 + 1?
2541313
In base 16, what is -6f2 - 8d?
-77f
In base 12, what is -15 + -975?
-98a
In base 2, what is -110010101000 + -101010?
-110011010010
In base 14, what is -9d + 416?
357
In base 6, what is 12235 + 1150?
13425
In base 16, what is -5 + -ceebf?
-ceec4
In base 3, what is -220011200110 - -12?
-220011200021
In base 12, what is 19 - -ab3?
b10
In base 3, what is 1 - -10112111?
10112112
In base 8, what is 1 + 4421?
4422
In base 4, what is -12302113 + 301?
-12301212
In base 11, what is 1 + -8392a8?
-8392a7
In base 14, what is -445 - 200?
-645
In base 12, what is -168 + -66?
-212
In base 4, what is 213121222200 + 0?
213121222200
In base 8, what is -5 - -366662?
366655
In base 16, what is 4 + -f0c83?
-f0c7f
In base 4, what is 2 - 103201200?
-103201132
In base 12, what is -8 - -32637?
3262b
In base 3, what is 120 - 220011122?
-220011002
In base 2, what is 1000001000 + -10101111111110?
-10100111110110
In base 13, what is 8 + -1a13?
-1a08
In base 11, what is 127 + 2316?
2442
In base 4, what is -10 - -31100002?
31033332
In base 10, what is 247017 - -3?
247020
In base 10, what is -967 + -607?
-1574
In base 12, what is -b - b38?
-b47
In base 15, what is 45 + be2b?
be71
In base 9, what is 646 + -1851?
-1204
In base 4, what is -3 - -1311332?
1311323
In base 3, what is 100121011 - 2202?
100111102
In base 2, what is 100000100000 + -10001011000?
1111001000
In base 6, what is 3200142 + 13?
3200155
In base 10, what is 65 + 260?
325
In base 6, what is 5 + 152014?
152023
In base 13, what is 12 + -4886?
-4874
In base 4, what is -13020 + -123?
-13203
In base 3, what is 1 + -102220200210?
-102220200202
In base 13, what is -450 + -525?
-975
In base 8, what is -456 + -764?
-1442
In base 2, what is 1101000001110 + -111?
1101000000111
In base 2, what is 1100001001001101 - 110?
1100001001000111
In base 16, what is -3868 + -147?
-39af
In base 16, what is 1 + 1e7e?
1e7f
In base 13, what is 2 + -19415?
-19413
In base 10, what is -1291 - -297?
-994
In base 11, what is -3990 - 10?
-39a0
In base 10, what is -4436 + -8?
-4444
In base 2, what is 11 - -10001010101110101000?
10001010101110101011
In base 14, what is 806 + 38?
840
In base 13, what is -354 + 18?
-339
In base 4, what is 110022120 + 122?
110022302
In base 15, what is -e - 33208?
-33217
In base 13, what is -2 - 13c87?
-13c89
In base 2, what is -11 + 110101100111110101?
110101100111110010
In base 4, what is 1 - 2101122100?
-2101122033
In base 5, what is 32 - -134404?
134441
In base 3, what is 112 - 1120?
-1001
In base 10, what is -37 + -15977?
-16014
In base 9, what is 1 - -1774?
1775
In base 8, what is 0 + -115720?
-115720
In base 13, what is 5 + -12814?
-1280c
In base 12, what is -1 - -1973?
1972
In base 9, what is 8786 - 4?
8782
In base 2, what is -110001000110001100 - 10?
-110001000110001110
In base 12, what is -4 - -ba80?
ba78
In base 15, what is 3 - -19c08d?
19c091
In base 6, what is 11 + -403?
-352
In base 8, what is -167 + -30?
-217
In base 9, what is -412886 - -6?
-412880
In base 7, what is -1020044 - 1?
-1020045
In base 15, what is -b59 - 507?
-1161
In base 10, what is -20 + -63390?
-63410
In base 4, what is 1013121323 - -1?
1013121330
In base 6, what is 3253 - -130?
3423
In base 15, what is a9da7 + 0?
a9da7
In base 16, what is 31 + -c6c?
-c3b
In base 8, what is -12 - 1050037?
-1050051
In base 8, what is 60 - 1075?
-1015
In base 9, what is 562335 + -20?
562315
In base 10, what is -346 - -70?
-276
In base 16, what is -8 - -6fc?
6f4
In base 13, what is -7 + 16423?
16419
In base 7, what is 2 - -25356?
25361
In base 15, what is 997d - -35?
99b3
In base 4, what is -1 + 2230001?
2230000
In base 3, what is 11212202112 + -1?
11212202111
In base 14, what is 1 - -713a?
713b
In base 15, what is 1e841 - 2?
1e83e
In base 15, what is 2 + 3055?
3057
In base 16, what is 10 + -4d8d?
-4d7d
In base 16, what is 51 - 344?
-2f3
In base 15, what is -db + -1c8?
-2b4
In base 7, what is -3 + 1316652?
1316646
In base 14, what is 5 + 6c19?
6c20
In base 12, what is 530b2 + -10?
530a2
In base 13, what is 3 - 268?
-265
In base 3, what is -1 + -1011110?
-1011111
In base 6, what is -44002355 + 3?
-44002352
In base 9, what is -1451 + -46?
-1507
In base 13, what is 6c - -736?
7a5
In base 2, what is -101110100110001 - 0?
-101110100110001
In base 10, what is 220865 - 3?
220862
In base 7, what is -422 - -36?
-353
In base 7, what is 10344 - 12?
10332
In base 11, what is 7608 - -6?
7613
In base 5, what is -4201031200 + 10?
-4201031140
In base 2, what is -11 - 11100010000001110001?
-11100010000001110100
In base 4, what is 21210010 - -103?
21210113
In base 3, what is -11 - 1010102202?
-1010102220
In base 10, what is 5776 - 593?
5183
In base 13, what is -5 - 1580a?
-15812
In base 7, what is -161525 - 10?
-161535
In base 15, what is 7 - 30b56?
-30b4e
In base 12, what is -30 - -134?
104
In base 16, what is 0 + 16e76?
16e76
In base 16, what is 1e29e - -1?
1e29f
In base 8, what is 31114 - 1?
31113
In base 16, what is 4e98b - 0?
4e98b
In base 4, what is 12 + -1103000?
-1102322
In base 7, what is 13206 + -2?
13204
In base 15, what is 2 - 12dd?
-12db
In base 11, what is -11 - 3a?
-50
In base 16, what is 62 + 17e6?
1848
In base 6, what is 1 + 120224?
120225
In base 7, what is -2 + 444200?
444165
In base 3, what is -210 + -22?
-1002
In base 12, what is 1 - 1a37?
-1a36
In base 13, what is -1ca96 - 0?
-1ca96
In base 9, what is -305 + 64?
-231
In base 5, what is 3 - -4342421?
4342424
In ba